{"id":526,"date":"2024-12-26T18:28:40","date_gmt":"2024-12-26T17:28:40","guid":{"rendered":"https:\/\/moulinofruits.com\/?page_id=526"},"modified":"2025-11-16T23:55:42","modified_gmt":"2025-11-16T22:55:42","slug":"plantes-aromatiques","status":"publish","type":"page","link":"https:\/\/moulinofruits.com\/index.php\/plantes-aromatiques\/","title":{"rendered":"Plantes aromatiques"},"content":{"rendered":"\t\t<div data-elementor-type=\"wp-page\" data-elementor-id=\"526\" class=\"elementor elementor-526\" data-elementor-post-type=\"page\">\n\t\t\t\t<div class=\"elementor-element elementor-element-0ae4f33 e-flex e-con-boxed e-con e-parent\" data-id=\"0ae4f33\" data-element_type=\"container\">\n\t\t\t\t\t<div class=\"e-con-inner\">\n\t\t\t\t<div class=\"elementor-element elementor-element-44285d6 elementor-widget elementor-widget-spacer\" data-id=\"44285d6\" data-element_type=\"widget\" data-widget_type=\"spacer.default\">\n\t\t\t\t<div class=\"elementor-widget-container\">\n\t\t\t\t\t\t\t<div class=\"elementor-spacer\">\n\t\t\t<div class=\"elementor-spacer-inner\"><\/div>\n\t\t<\/div>\n\t\t\t\t\t\t<\/div>\n\t\t\t\t<\/div>\n\t\t<div class=\"elementor-element elementor-element-915db3b e-flex e-con-boxed e-con e-child\" data-id=\"915db3b\" data-element_type=\"container\">\n\t\t\t\t\t<div class=\"e-con-inner\">\n\t\t\t\t<div class=\"elementor-element elementor-element-141b878 elementor-widget elementor-widget-heading\" data-id=\"141b878\" data-element_type=\"widget\" data-widget_type=\"heading.default\">\n\t\t\t\t<div class=\"elementor-widget-container\">\n\t\t\t\t\t<h2 class=\"elementor-heading-title elementor-size-default\">Les plantes aromatiques<\/h2>\t\t\t\t<\/div>\n\t\t\t\t<\/div>\n\t\t\t\t\t<\/div>\n\t\t\t\t<\/div>\n\t\t\t\t<div class=\"elementor-element elementor-element-617f19c elementor-widget elementor-widget-text-editor\" data-id=\"617f19c\" data-element_type=\"widget\" data-widget_type=\"text-editor.default\">\n\t\t\t\t<div class=\"elementor-widget-container\">\n\t\t\t\t\t\t\t\t\t<p>Au Moulin O&#8217; Fruits, en plus des petits fruits et de notre petit verger d&#8217;arbres fruitiers, nous cultivons quelques herbes et fleurs comestibles s\u00e9lectionn\u00e9es pour leurs multiples usages alimentaires.<\/p><p><span style=\"background-color: var(--nv-site-bg); color: var( --e-global-color-text ); letter-spacing: var(--bodyletterspacing); text-transform: var(--bodytexttransform);\">Certaines seront associ\u00e9es aux fruits dans nos recettes de <a href=\"https:\/\/moulinofruits.com\/index.php\/confiture\/\">confitures<\/a>,\u00a0<\/span><span style=\"background-color: var(--nv-site-bg); color: var( --e-global-color-text ); letter-spacing: var(--bodyletterspacing); text-transform: var(--bodytexttransform);\">d&#8217;autres seront s\u00e9ch\u00e9es pour \u00eatre propos\u00e9es en <a href=\"https:\/\/moulinofruits.com\/index.php\/tisane\/\">infusion<\/a>, quelques-unes seront transform\u00e9es en <a href=\"https:\/\/moulinofruits.com\/index.php\/sirop\/\">sirops<\/a> et une partie sera utilis\u00e9e en d\u00e9coration sur nos <a href=\"https:\/\/moulinofruits.com\/index.php\/desserts-fruites\/\">desserts fruit\u00e9s<\/a>.<\/span><\/p><p>Au Jardin, vous retrouverez\u00a0 herbes aromatiques (<span style=\"color: var( --e-global-color-text ); background-color: var(--nv-site-bg); letter-spacing: var(--bodyletterspacing); text-transform: var(--bodytexttransform);\">Menthes, Verveines, M\u00e9lisse, Citronnelle, Basilic, Lavande&#8230;) ainsi que quelques fleurs comestibles (Calendula, Mauve, Bourrache&#8230;) et quelques plantes sauvages (Pissenlit, Sureau, Acacia&#8230;)<\/span><\/p><p>&gt;&gt;&gt; Vous pouvez\u00a0<strong><a href=\"https:\/\/moulinofruits.com\/index.php\/drive-fermier\/\" target=\"_blank\" rel=\"noopener\">retrouver nos tisanes sur notre Drive Fermier<\/a><\/strong><\/p>\t\t\t\t\t\t\t\t<\/div>\n\t\t\t\t<\/div>\n\t\t\t\t<div class=\"elementor-element elementor-element-c0acd36 elementor-widget elementor-widget-image\" data-id=\"c0acd36\" data-element_type=\"widget\" data-widget_type=\"image.default\">\n\t\t\t\t<div class=\"elementor-widget-container\">\n\t\t\t\t\t\t\t\t\t\t\t\t\t\t\t<img fetchpriority=\"high\" decoding=\"async\" width=\"768\" height=\"576\" src=\"https:\/\/moulinofruits.com\/wp-content\/uploads\/2024\/05\/Herbes-Aromatiques_Dordogne_MoulinOfruits_4Tiers-768x576.jpg\" class=\"attachment-medium_large size-medium_large wp-image-180\" alt=\"\" srcset=\"https:\/\/moulinofruits.com\/wp-content\/uploads\/2024\/05\/Herbes-Aromatiques_Dordogne_MoulinOfruits_4Tiers-768x576.jpg 768w, https:\/\/moulinofruits.com\/wp-content\/uploads\/2024\/05\/Herbes-Aromatiques_Dordogne_MoulinOfruits_4Tiers-300x225.jpg 300w, https:\/\/moulinofruits.com\/wp-content\/uploads\/2024\/05\/Herbes-Aromatiques_Dordogne_MoulinOfruits_4Tiers-1024x768.jpg 1024w, https:\/\/moulinofruits.com\/wp-content\/uploads\/2024\/05\/Herbes-Aromatiques_Dordogne_MoulinOfruits_4Tiers-1536x1152.jpg 1536w, https:\/\/moulinofruits.com\/wp-content\/uploads\/2024\/05\/Herbes-Aromatiques_Dordogne_MoulinOfruits_4Tiers-2048x1536.jpg 2048w\" sizes=\"(max-width: 768px) 100vw, 768px\" \/>\t\t\t\t\t\t\t\t\t\t\t\t\t\t\t<\/div>\n\t\t\t\t<\/div>\n\t\t\t\t\t<\/div>\n\t\t\t\t<\/div>\n\t\t<div class=\"elementor-element elementor-element-d18d435 e-flex e-con-boxed e-con e-parent\" data-id=\"d18d435\" data-element_type=\"container\">\n\t\t\t\t\t<div class=\"e-con-inner\">\n\t\t\t\t<div class=\"elementor-element elementor-element-1922dd7 elementor-widget elementor-widget-spacer\" data-id=\"1922dd7\" data-element_type=\"widget\" data-widget_type=\"spacer.default\">\n\t\t\t\t<div class=\"elementor-widget-container\">\n\t\t\t\t\t\t\t<div class=\"elementor-spacer\">\n\t\t\t<div class=\"elementor-spacer-inner\"><\/div>\n\t\t<\/div>\n\t\t\t\t\t\t<\/div>\n\t\t\t\t<\/div>\n\t\t\t\t\t<\/div>\n\t\t\t\t<\/div>\n\t\t\t\t<\/div>\n\t\t","protected":false},"excerpt":{"rendered":"<p>Les plantes aromatiques Au Moulin O&#8217; Fruits, en plus des petits fruits et de notre petit verger d&#8217;arbres fruitiers, nous cultivons quelques herbes et fleurs comestibles s\u00e9lectionn\u00e9es pour leurs multiples usages alimentaires. Certaines seront associ\u00e9es aux fruits dans nos recettes de confitures,\u00a0d&#8217;autres seront s\u00e9ch\u00e9es pour \u00eatre propos\u00e9es en infusion, quelques-unes seront transform\u00e9es en sirops et&hellip;&nbsp;<a href=\"https:\/\/moulinofruits.com\/index.php\/plantes-aromatiques\/\" class=\"\" rel=\"bookmark\">Read More &raquo;<span class=\"screen-reader-text\">Plantes aromatiques<\/span><\/a><\/p>\n","protected":false},"author":1,"featured_media":0,"parent":0,"menu_order":0,"comment_status":"closed","ping_status":"closed","template":"page-templates\/template-pagebuilder-full-width.php","meta":{"neve_meta_sidebar":"","neve_meta_container":"","neve_meta_enable_content_width":"","neve_meta_content_width":0,"neve_meta_title_alignment":"","neve_meta_author_avatar":"","neve_post_elements_order":"","neve_meta_disable_header":"","neve_meta_disable_footer":"","neve_meta_disable_title":"","footnotes":""},"class_list":["post-526","page","type-page","status-publish","hentry"],"yoast_head":"<!-- This site is optimized with the Yoast SEO plugin v26.2 - https:\/\/yoast.com\/wordpress\/plugins\/seo\/ -->\n<title>Plantes aromatiques - Moulin O&#039; Fruits<\/title>\n<meta name=\"description\" content=\"Petit producteur de plantes aromatiques Bio en Dordogne, d\u00e9couvrez quelques plantes aromatiques que nous cultivons au verger.\" \/>\n<meta name=\"robots\" content=\"noindex, follow\" \/>\n<meta property=\"og:locale\" content=\"en_US\" \/>\n<meta property=\"og:type\" content=\"article\" \/>\n<meta property=\"og:title\" content=\"Plantes aromatiques - Moulin O&#039; Fruits\" \/>\n<meta property=\"og:description\" content=\"Petit producteur de plantes aromatiques Bio en Dordogne, d\u00e9couvrez quelques plantes aromatiques que nous cultivons au verger.\" \/>\n<meta property=\"og:url\" content=\"https:\/\/moulinofruits.com\/index.php\/plantes-aromatiques\/\" \/>\n<meta property=\"og:site_name\" content=\"Moulin O&#039; Fruits\" \/>\n<meta property=\"article:modified_time\" content=\"2025-11-16T22:55:42+00:00\" \/>\n<meta property=\"og:image\" content=\"https:\/\/moulinofruits.com\/wp-content\/uploads\/2024\/05\/Herbes-Aromatiques_Dordogne_MoulinOfruits_4Tiers-scaled.jpg\" \/>\n\t<meta property=\"og:image:width\" content=\"2560\" \/>\n\t<meta property=\"og:image:height\" content=\"1920\" \/>\n\t<meta property=\"og:image:type\" content=\"image\/jpeg\" \/>\n<meta name=\"twitter:card\" content=\"summary_large_image\" \/>\n<meta name=\"twitter:label1\" content=\"Est. reading time\" \/>\n\t<meta name=\"twitter:data1\" content=\"1 minute\" \/>\n<script type=\"application\/ld+json\" class=\"yoast-schema-graph\">{\"@context\":\"https:\/\/schema.org\",\"@graph\":[{\"@type\":\"WebPage\",\"@id\":\"https:\/\/moulinofruits.com\/index.php\/plantes-aromatiques\/\",\"url\":\"https:\/\/moulinofruits.com\/index.php\/plantes-aromatiques\/\",\"name\":\"Plantes aromatiques - Moulin O&#039; Fruits\",\"isPartOf\":{\"@id\":\"https:\/\/moulinofruits.com\/#website\"},\"primaryImageOfPage\":{\"@id\":\"https:\/\/moulinofruits.com\/index.php\/plantes-aromatiques\/#primaryimage\"},\"image\":{\"@id\":\"https:\/\/moulinofruits.com\/index.php\/plantes-aromatiques\/#primaryimage\"},\"thumbnailUrl\":\"https:\/\/moulinofruits.com\/wp-content\/uploads\/2024\/05\/Herbes-Aromatiques_Dordogne_MoulinOfruits_4Tiers-768x576.jpg\",\"datePublished\":\"2024-12-26T17:28:40+00:00\",\"dateModified\":\"2025-11-16T22:55:42+00:00\",\"description\":\"Petit producteur de plantes aromatiques Bio en Dordogne, d\u00e9couvrez quelques plantes aromatiques que nous cultivons au verger.\",\"breadcrumb\":{\"@id\":\"https:\/\/moulinofruits.com\/index.php\/plantes-aromatiques\/#breadcrumb\"},\"inLanguage\":\"en-US\",\"potentialAction\":[{\"@type\":\"ReadAction\",\"target\":[\"https:\/\/moulinofruits.com\/index.php\/plantes-aromatiques\/\"]}]},{\"@type\":\"ImageObject\",\"inLanguage\":\"en-US\",\"@id\":\"https:\/\/moulinofruits.com\/index.php\/plantes-aromatiques\/#primaryimage\",\"url\":\"https:\/\/moulinofruits.com\/wp-content\/uploads\/2024\/05\/Herbes-Aromatiques_Dordogne_MoulinOfruits_4Tiers-scaled.jpg\",\"contentUrl\":\"https:\/\/moulinofruits.com\/wp-content\/uploads\/2024\/05\/Herbes-Aromatiques_Dordogne_MoulinOfruits_4Tiers-scaled.jpg\",\"width\":2560,\"height\":1920},{\"@type\":\"BreadcrumbList\",\"@id\":\"https:\/\/moulinofruits.com\/index.php\/plantes-aromatiques\/#breadcrumb\",\"itemListElement\":[{\"@type\":\"ListItem\",\"position\":1,\"name\":\"Accueil\",\"item\":\"https:\/\/moulinofruits.com\/\"},{\"@type\":\"ListItem\",\"position\":2,\"name\":\"Plantes aromatiques\"}]},{\"@type\":\"WebSite\",\"@id\":\"https:\/\/moulinofruits.com\/#website\",\"url\":\"https:\/\/moulinofruits.com\/\",\"name\":\"Moulin O&#039; Fruits\",\"description\":\"Producteur de fruits &amp; Cr\u00e9ateur de saveurs\",\"potentialAction\":[{\"@type\":\"SearchAction\",\"target\":{\"@type\":\"EntryPoint\",\"urlTemplate\":\"https:\/\/moulinofruits.com\/?s={search_term_string}\"},\"query-input\":{\"@type\":\"PropertyValueSpecification\",\"valueRequired\":true,\"valueName\":\"search_term_string\"}}],\"inLanguage\":\"en-US\"}]}<\/script>\n<!-- \/ Yoast SEO plugin. -->","yoast_head_json":{"title":"Plantes aromatiques - Moulin O&#039; Fruits","description":"Petit producteur de plantes aromatiques Bio en Dordogne, d\u00e9couvrez quelques plantes aromatiques que nous cultivons au verger.","robots":{"index":"noindex","follow":"follow"},"og_locale":"en_US","og_type":"article","og_title":"Plantes aromatiques - Moulin O&#039; Fruits","og_description":"Petit producteur de plantes aromatiques Bio en Dordogne, d\u00e9couvrez quelques plantes aromatiques que nous cultivons au verger.","og_url":"https:\/\/moulinofruits.com\/index.php\/plantes-aromatiques\/","og_site_name":"Moulin O&#039; Fruits","article_modified_time":"2025-11-16T22:55:42+00:00","og_image":[{"width":2560,"height":1920,"url":"https:\/\/moulinofruits.com\/wp-content\/uploads\/2024\/05\/Herbes-Aromatiques_Dordogne_MoulinOfruits_4Tiers-scaled.jpg","type":"image\/jpeg"}],"twitter_card":"summary_large_image","twitter_misc":{"Est. reading time":"1 minute"},"schema":{"@context":"https:\/\/schema.org","@graph":[{"@type":"WebPage","@id":"https:\/\/moulinofruits.com\/index.php\/plantes-aromatiques\/","url":"https:\/\/moulinofruits.com\/index.php\/plantes-aromatiques\/","name":"Plantes aromatiques - Moulin O&#039; Fruits","isPartOf":{"@id":"https:\/\/moulinofruits.com\/#website"},"primaryImageOfPage":{"@id":"https:\/\/moulinofruits.com\/index.php\/plantes-aromatiques\/#primaryimage"},"image":{"@id":"https:\/\/moulinofruits.com\/index.php\/plantes-aromatiques\/#primaryimage"},"thumbnailUrl":"https:\/\/moulinofruits.com\/wp-content\/uploads\/2024\/05\/Herbes-Aromatiques_Dordogne_MoulinOfruits_4Tiers-768x576.jpg","datePublished":"2024-12-26T17:28:40+00:00","dateModified":"2025-11-16T22:55:42+00:00","description":"Petit producteur de plantes aromatiques Bio en Dordogne, d\u00e9couvrez quelques plantes aromatiques que nous cultivons au verger.","breadcrumb":{"@id":"https:\/\/moulinofruits.com\/index.php\/plantes-aromatiques\/#breadcrumb"},"inLanguage":"en-US","potentialAction":[{"@type":"ReadAction","target":["https:\/\/moulinofruits.com\/index.php\/plantes-aromatiques\/"]}]},{"@type":"ImageObject","inLanguage":"en-US","@id":"https:\/\/moulinofruits.com\/index.php\/plantes-aromatiques\/#primaryimage","url":"https:\/\/moulinofruits.com\/wp-content\/uploads\/2024\/05\/Herbes-Aromatiques_Dordogne_MoulinOfruits_4Tiers-scaled.jpg","contentUrl":"https:\/\/moulinofruits.com\/wp-content\/uploads\/2024\/05\/Herbes-Aromatiques_Dordogne_MoulinOfruits_4Tiers-scaled.jpg","width":2560,"height":1920},{"@type":"BreadcrumbList","@id":"https:\/\/moulinofruits.com\/index.php\/plantes-aromatiques\/#breadcrumb","itemListElement":[{"@type":"ListItem","position":1,"name":"Accueil","item":"https:\/\/moulinofruits.com\/"},{"@type":"ListItem","position":2,"name":"Plantes aromatiques"}]},{"@type":"WebSite","@id":"https:\/\/moulinofruits.com\/#website","url":"https:\/\/moulinofruits.com\/","name":"Moulin O&#039; Fruits","description":"Producteur de fruits &amp; Cr\u00e9ateur de saveurs","potentialAction":[{"@type":"SearchAction","target":{"@type":"EntryPoint","urlTemplate":"https:\/\/moulinofruits.com\/?s={search_term_string}"},"query-input":{"@type":"PropertyValueSpecification","valueRequired":true,"valueName":"search_term_string"}}],"inLanguage":"en-US"}]}},"_links":{"self":[{"href":"https:\/\/moulinofruits.com\/index.php\/wp-json\/wp\/v2\/pages\/526","targetHints":{"allow":["GET"]}}],"collection":[{"href":"https:\/\/moulinofruits.com\/index.php\/wp-json\/wp\/v2\/pages"}],"about":[{"href":"https:\/\/moulinofruits.com\/index.php\/wp-json\/wp\/v2\/types\/page"}],"author":[{"embeddable":true,"href":"https:\/\/moulinofruits.com\/index.php\/wp-json\/wp\/v2\/users\/1"}],"replies":[{"embeddable":true,"href":"https:\/\/moulinofruits.com\/index.php\/wp-json\/wp\/v2\/comments?post=526"}],"version-history":[{"count":34,"href":"https:\/\/moulinofruits.com\/index.php\/wp-json\/wp\/v2\/pages\/526\/revisions"}],"predecessor-version":[{"id":1823,"href":"https:\/\/moulinofruits.com\/index.php\/wp-json\/wp\/v2\/pages\/526\/revisions\/1823"}],"wp:attachment":[{"href":"https:\/\/moulinofruits.com\/index.php\/wp-json\/wp\/v2\/media?parent=526"}],"curies":[{"name":"wp","href":"https:\/\/api.w.org\/{rel}","templated":true}]}}