{"id":530,"date":"2024-12-26T18:31:19","date_gmt":"2024-12-26T17:31:19","guid":{"rendered":"https:\/\/moulinofruits.com\/?page_id=530"},"modified":"2025-11-16T23:55:02","modified_gmt":"2025-11-16T22:55:02","slug":"fruits-du-verger","status":"publish","type":"page","link":"https:\/\/moulinofruits.com\/index.php\/fruits-du-verger\/","title":{"rendered":"Fruits du verger"},"content":{"rendered":"\t\t<div data-elementor-type=\"wp-page\" data-elementor-id=\"530\" class=\"elementor elementor-530\" data-elementor-post-type=\"page\">\n\t\t\t\t<div class=\"elementor-element elementor-element-cefa91e e-flex e-con-boxed e-con e-parent\" data-id=\"cefa91e\" data-element_type=\"container\">\n\t\t\t\t\t<div class=\"e-con-inner\">\n\t\t\t\t<div class=\"elementor-element elementor-element-2ebf410 elementor-widget elementor-widget-spacer\" data-id=\"2ebf410\" data-element_type=\"widget\" data-widget_type=\"spacer.default\">\n\t\t\t\t<div class=\"elementor-widget-container\">\n\t\t\t\t\t\t\t<div class=\"elementor-spacer\">\n\t\t\t<div class=\"elementor-spacer-inner\"><\/div>\n\t\t<\/div>\n\t\t\t\t\t\t<\/div>\n\t\t\t\t<\/div>\n\t\t<div class=\"elementor-element elementor-element-051e17c e-flex e-con-boxed e-con e-child\" data-id=\"051e17c\" data-element_type=\"container\">\n\t\t\t\t\t<div class=\"e-con-inner\">\n\t\t\t\t<div class=\"elementor-element elementor-element-229fc61 elementor-widget elementor-widget-heading\" data-id=\"229fc61\" data-element_type=\"widget\" data-widget_type=\"heading.default\">\n\t\t\t\t<div class=\"elementor-widget-container\">\n\t\t\t\t\t<h2 class=\"elementor-heading-title elementor-size-default\">Les autres fruits du verger<\/h2>\t\t\t\t<\/div>\n\t\t\t\t<\/div>\n\t\t\t\t\t<\/div>\n\t\t\t\t<\/div>\n\t\t\t\t<div class=\"elementor-element elementor-element-38326d4 elementor-widget elementor-widget-image\" data-id=\"38326d4\" data-element_type=\"widget\" data-widget_type=\"image.default\">\n\t\t\t\t<div class=\"elementor-widget-container\">\n\t\t\t\t\t\t\t\t\t\t\t\t\t\t\t<img fetchpriority=\"high\" decoding=\"async\" width=\"1024\" height=\"768\" src=\"https:\/\/moulinofruits.com\/wp-content\/uploads\/2024\/05\/Micro-Verger_Fruits-Rouges_Dordogne_MoulinOFruits_4Tiers-1024x768.jpg\" class=\"attachment-large size-large wp-image-183\" alt=\"\" srcset=\"https:\/\/moulinofruits.com\/wp-content\/uploads\/2024\/05\/Micro-Verger_Fruits-Rouges_Dordogne_MoulinOFruits_4Tiers-1024x768.jpg 1024w, https:\/\/moulinofruits.com\/wp-content\/uploads\/2024\/05\/Micro-Verger_Fruits-Rouges_Dordogne_MoulinOFruits_4Tiers-300x225.jpg 300w, https:\/\/moulinofruits.com\/wp-content\/uploads\/2024\/05\/Micro-Verger_Fruits-Rouges_Dordogne_MoulinOFruits_4Tiers-768x576.jpg 768w, https:\/\/moulinofruits.com\/wp-content\/uploads\/2024\/05\/Micro-Verger_Fruits-Rouges_Dordogne_MoulinOFruits_4Tiers-1536x1152.jpg 1536w, https:\/\/moulinofruits.com\/wp-content\/uploads\/2024\/05\/Micro-Verger_Fruits-Rouges_Dordogne_MoulinOFruits_4Tiers-2048x1536.jpg 2048w\" sizes=\"(max-width: 1024px) 100vw, 1024px\" \/>\t\t\t\t\t\t\t\t\t\t\t\t\t\t\t<\/div>\n\t\t\t\t<\/div>\n\t\t\t\t<div class=\"elementor-element elementor-element-5e88ccf elementor-widget elementor-widget-text-editor\" data-id=\"5e88ccf\" data-element_type=\"widget\" data-widget_type=\"text-editor.default\">\n\t\t\t\t<div class=\"elementor-widget-container\">\n\t\t\t\t\t\t\t\t\t<p>Au Moulin O&#8217; Fruits, en compl\u00e9ment des petits fruits, notre petit verger d&#8217;arbres fruitiers offrira une grande diversit\u00e9 de fruits de qualit\u00e9, gorg\u00e9s de saveurs authentiques et gourmandes. Ils seront essentiellement transform\u00e9s en <a href=\"https:\/\/moulinofruits.com\/index.php\/confiture\/\">confitures<\/a> et <a href=\"https:\/\/moulinofruits.com\/index.php\/desserts-fruites\/\">desserts fruit\u00e9s<\/a> ET si la r\u00e9colte est tr\u00e8s importante, les fruits seront propos\u00e9s frais sur nos \u00e9tales et chez nos partenaires locaux.<\/p><p>Selon les saisons, nous vous proposerons prochainement : <strong>Figues, <span style=\"color: var( --e-global-color-text ); background-color: var(--nv-site-bg); letter-spacing: var(--bodyletterspacing); text-transform: var(--bodytexttransform);\">Prunes, Mirabelles, Kakis, Asimines, Coings, Pommes, Poires, Cerises, Nectarines, Abricots&#8230;<\/span><\/strong><\/p><p><span style=\"color: var( --e-global-color-text ); background-color: var(--nv-site-bg); letter-spacing: var(--bodyletterspacing); text-transform: var(--bodytexttransform);\">Inclassables, nous avons \u00e9galement un jardin de plusieurs vari\u00e9t\u00e9s de <strong>Rhubarbes.<\/strong><\/span><\/p><p><a href=\"https:\/\/moulinofruits.com\/index.php\/drive-fermier\/\" target=\"_blank\" rel=\"noopener\"><span style=\"color: var( --e-global-color-text ); background-color: var(--nv-site-bg); letter-spacing: var(--bodyletterspacing); text-transform: var(--bodytexttransform);\">&gt;&gt;&gt; D\u00e9couvrez nos produits sur notre Drive Fermier<\/span><\/a><\/p>\t\t\t\t\t\t\t\t<\/div>\n\t\t\t\t<\/div>\n\t\t\t\t\t<\/div>\n\t\t\t\t<\/div>\n\t\t<div class=\"elementor-element elementor-element-ebdbd5b e-flex e-con-boxed e-con e-parent\" data-id=\"ebdbd5b\" data-element_type=\"container\">\n\t\t\t\t\t<div class=\"e-con-inner\">\n\t\t\t\t<div class=\"elementor-element elementor-element-c861e9e elementor-widget elementor-widget-spacer\" data-id=\"c861e9e\" data-element_type=\"widget\" data-widget_type=\"spacer.default\">\n\t\t\t\t<div class=\"elementor-widget-container\">\n\t\t\t\t\t\t\t<div class=\"elementor-spacer\">\n\t\t\t<div class=\"elementor-spacer-inner\"><\/div>\n\t\t<\/div>\n\t\t\t\t\t\t<\/div>\n\t\t\t\t<\/div>\n\t\t\t\t\t<\/div>\n\t\t\t\t<\/div>\n\t\t\t\t<\/div>\n\t\t","protected":false},"excerpt":{"rendered":"<p>Les autres fruits du verger Au Moulin O&#8217; Fruits, en compl\u00e9ment des petits fruits, notre petit verger d&#8217;arbres fruitiers offrira une grande diversit\u00e9 de fruits de qualit\u00e9, gorg\u00e9s de saveurs authentiques et gourmandes. Ils seront essentiellement transform\u00e9s en confitures et desserts fruit\u00e9s ET si la r\u00e9colte est tr\u00e8s importante, les fruits seront propos\u00e9s frais sur&hellip;&nbsp;<a href=\"https:\/\/moulinofruits.com\/index.php\/fruits-du-verger\/\" class=\"\" rel=\"bookmark\">Read More &raquo;<span class=\"screen-reader-text\">Fruits du verger<\/span><\/a><\/p>\n","protected":false},"author":1,"featured_media":0,"parent":0,"menu_order":0,"comment_status":"closed","ping_status":"closed","template":"page-templates\/template-pagebuilder-full-width.php","meta":{"neve_meta_sidebar":"","neve_meta_container":"","neve_meta_enable_content_width":"","neve_meta_content_width":0,"neve_meta_title_alignment":"","neve_meta_author_avatar":"","neve_post_elements_order":"","neve_meta_disable_header":"","neve_meta_disable_footer":"","neve_meta_disable_title":"","footnotes":""},"class_list":["post-530","page","type-page","status-publish","hentry"],"yoast_head":"<!-- This site is optimized with the Yoast SEO plugin v26.2 - https:\/\/yoast.com\/wordpress\/plugins\/seo\/ -->\n<title>Fruits du verger - Moulin O&#039; Fruits<\/title>\n<meta name=\"description\" content=\"Petit producteur de fruits Bio en Dordogne, d\u00e9couvrez quelques fruits que nous cultivons dans notre micro-verger.\" \/>\n<meta name=\"robots\" content=\"index, follow, max-snippet:-1, max-image-preview:large, max-video-preview:-1\" \/>\n<link rel=\"canonical\" href=\"https:\/\/moulinofruits.com\/index.php\/fruits-du-verger\/\" \/>\n<meta property=\"og:locale\" content=\"en_US\" \/>\n<meta property=\"og:type\" content=\"article\" \/>\n<meta property=\"og:title\" content=\"Fruits du verger - Moulin O&#039; Fruits\" \/>\n<meta property=\"og:description\" content=\"Petit producteur de fruits Bio en Dordogne, d\u00e9couvrez quelques fruits que nous cultivons dans notre micro-verger.\" \/>\n<meta property=\"og:url\" content=\"https:\/\/moulinofruits.com\/index.php\/fruits-du-verger\/\" \/>\n<meta property=\"og:site_name\" content=\"Moulin O&#039; Fruits\" \/>\n<meta property=\"article:modified_time\" content=\"2025-11-16T22:55:02+00:00\" \/>\n<meta property=\"og:image\" content=\"https:\/\/moulinofruits.com\/wp-content\/uploads\/2024\/05\/Micro-Verger_Fruits-Rouges_Dordogne_MoulinOFruits_4Tiers-scaled.jpg\" \/>\n\t<meta property=\"og:image:width\" content=\"2560\" \/>\n\t<meta property=\"og:image:height\" content=\"1920\" \/>\n\t<meta property=\"og:image:type\" content=\"image\/jpeg\" \/>\n<meta name=\"twitter:card\" content=\"summary_large_image\" \/>\n<meta name=\"twitter:label1\" content=\"Est. reading time\" \/>\n\t<meta name=\"twitter:data1\" content=\"1 minute\" \/>\n<script type=\"application\/ld+json\" class=\"yoast-schema-graph\">{\"@context\":\"https:\/\/schema.org\",\"@graph\":[{\"@type\":\"WebPage\",\"@id\":\"https:\/\/moulinofruits.com\/index.php\/fruits-du-verger\/\",\"url\":\"https:\/\/moulinofruits.com\/index.php\/fruits-du-verger\/\",\"name\":\"Fruits du verger - Moulin O&#039; Fruits\",\"isPartOf\":{\"@id\":\"https:\/\/moulinofruits.com\/#website\"},\"primaryImageOfPage\":{\"@id\":\"https:\/\/moulinofruits.com\/index.php\/fruits-du-verger\/#primaryimage\"},\"image\":{\"@id\":\"https:\/\/moulinofruits.com\/index.php\/fruits-du-verger\/#primaryimage\"},\"thumbnailUrl\":\"https:\/\/moulinofruits.com\/wp-content\/uploads\/2024\/05\/Micro-Verger_Fruits-Rouges_Dordogne_MoulinOFruits_4Tiers-1024x768.jpg\",\"datePublished\":\"2024-12-26T17:31:19+00:00\",\"dateModified\":\"2025-11-16T22:55:02+00:00\",\"description\":\"Petit producteur de fruits Bio en Dordogne, d\u00e9couvrez quelques fruits que nous cultivons dans notre micro-verger.\",\"breadcrumb\":{\"@id\":\"https:\/\/moulinofruits.com\/index.php\/fruits-du-verger\/#breadcrumb\"},\"inLanguage\":\"en-US\",\"potentialAction\":[{\"@type\":\"ReadAction\",\"target\":[\"https:\/\/moulinofruits.com\/index.php\/fruits-du-verger\/\"]}]},{\"@type\":\"ImageObject\",\"inLanguage\":\"en-US\",\"@id\":\"https:\/\/moulinofruits.com\/index.php\/fruits-du-verger\/#primaryimage\",\"url\":\"https:\/\/moulinofruits.com\/wp-content\/uploads\/2024\/05\/Micro-Verger_Fruits-Rouges_Dordogne_MoulinOFruits_4Tiers-scaled.jpg\",\"contentUrl\":\"https:\/\/moulinofruits.com\/wp-content\/uploads\/2024\/05\/Micro-Verger_Fruits-Rouges_Dordogne_MoulinOFruits_4Tiers-scaled.jpg\",\"width\":2560,\"height\":1920},{\"@type\":\"BreadcrumbList\",\"@id\":\"https:\/\/moulinofruits.com\/index.php\/fruits-du-verger\/#breadcrumb\",\"itemListElement\":[{\"@type\":\"ListItem\",\"position\":1,\"name\":\"Accueil\",\"item\":\"https:\/\/moulinofruits.com\/\"},{\"@type\":\"ListItem\",\"position\":2,\"name\":\"Fruits du verger\"}]},{\"@type\":\"WebSite\",\"@id\":\"https:\/\/moulinofruits.com\/#website\",\"url\":\"https:\/\/moulinofruits.com\/\",\"name\":\"Moulin O&#039; Fruits\",\"description\":\"Producteur de fruits &amp; Cr\u00e9ateur de saveurs\",\"potentialAction\":[{\"@type\":\"SearchAction\",\"target\":{\"@type\":\"EntryPoint\",\"urlTemplate\":\"https:\/\/moulinofruits.com\/?s={search_term_string}\"},\"query-input\":{\"@type\":\"PropertyValueSpecification\",\"valueRequired\":true,\"valueName\":\"search_term_string\"}}],\"inLanguage\":\"en-US\"}]}<\/script>\n<!-- \/ Yoast SEO plugin. -->","yoast_head_json":{"title":"Fruits du verger - Moulin O&#039; Fruits","description":"Petit producteur de fruits Bio en Dordogne, d\u00e9couvrez quelques fruits que nous cultivons dans notre micro-verger.","robots":{"index":"index","follow":"follow","max-snippet":"max-snippet:-1","max-image-preview":"max-image-preview:large","max-video-preview":"max-video-preview:-1"},"canonical":"https:\/\/moulinofruits.com\/index.php\/fruits-du-verger\/","og_locale":"en_US","og_type":"article","og_title":"Fruits du verger - Moulin O&#039; Fruits","og_description":"Petit producteur de fruits Bio en Dordogne, d\u00e9couvrez quelques fruits que nous cultivons dans notre micro-verger.","og_url":"https:\/\/moulinofruits.com\/index.php\/fruits-du-verger\/","og_site_name":"Moulin O&#039; Fruits","article_modified_time":"2025-11-16T22:55:02+00:00","og_image":[{"width":2560,"height":1920,"url":"https:\/\/moulinofruits.com\/wp-content\/uploads\/2024\/05\/Micro-Verger_Fruits-Rouges_Dordogne_MoulinOFruits_4Tiers-scaled.jpg","type":"image\/jpeg"}],"twitter_card":"summary_large_image","twitter_misc":{"Est. reading time":"1 minute"},"schema":{"@context":"https:\/\/schema.org","@graph":[{"@type":"WebPage","@id":"https:\/\/moulinofruits.com\/index.php\/fruits-du-verger\/","url":"https:\/\/moulinofruits.com\/index.php\/fruits-du-verger\/","name":"Fruits du verger - Moulin O&#039; Fruits","isPartOf":{"@id":"https:\/\/moulinofruits.com\/#website"},"primaryImageOfPage":{"@id":"https:\/\/moulinofruits.com\/index.php\/fruits-du-verger\/#primaryimage"},"image":{"@id":"https:\/\/moulinofruits.com\/index.php\/fruits-du-verger\/#primaryimage"},"thumbnailUrl":"https:\/\/moulinofruits.com\/wp-content\/uploads\/2024\/05\/Micro-Verger_Fruits-Rouges_Dordogne_MoulinOFruits_4Tiers-1024x768.jpg","datePublished":"2024-12-26T17:31:19+00:00","dateModified":"2025-11-16T22:55:02+00:00","description":"Petit producteur de fruits Bio en Dordogne, d\u00e9couvrez quelques fruits que nous cultivons dans notre micro-verger.","breadcrumb":{"@id":"https:\/\/moulinofruits.com\/index.php\/fruits-du-verger\/#breadcrumb"},"inLanguage":"en-US","potentialAction":[{"@type":"ReadAction","target":["https:\/\/moulinofruits.com\/index.php\/fruits-du-verger\/"]}]},{"@type":"ImageObject","inLanguage":"en-US","@id":"https:\/\/moulinofruits.com\/index.php\/fruits-du-verger\/#primaryimage","url":"https:\/\/moulinofruits.com\/wp-content\/uploads\/2024\/05\/Micro-Verger_Fruits-Rouges_Dordogne_MoulinOFruits_4Tiers-scaled.jpg","contentUrl":"https:\/\/moulinofruits.com\/wp-content\/uploads\/2024\/05\/Micro-Verger_Fruits-Rouges_Dordogne_MoulinOFruits_4Tiers-scaled.jpg","width":2560,"height":1920},{"@type":"BreadcrumbList","@id":"https:\/\/moulinofruits.com\/index.php\/fruits-du-verger\/#breadcrumb","itemListElement":[{"@type":"ListItem","position":1,"name":"Accueil","item":"https:\/\/moulinofruits.com\/"},{"@type":"ListItem","position":2,"name":"Fruits du verger"}]},{"@type":"WebSite","@id":"https:\/\/moulinofruits.com\/#website","url":"https:\/\/moulinofruits.com\/","name":"Moulin O&#039; Fruits","description":"Producteur de fruits &amp; Cr\u00e9ateur de saveurs","potentialAction":[{"@type":"SearchAction","target":{"@type":"EntryPoint","urlTemplate":"https:\/\/moulinofruits.com\/?s={search_term_string}"},"query-input":{"@type":"PropertyValueSpecification","valueRequired":true,"valueName":"search_term_string"}}],"inLanguage":"en-US"}]}},"_links":{"self":[{"href":"https:\/\/moulinofruits.com\/index.php\/wp-json\/wp\/v2\/pages\/530","targetHints":{"allow":["GET"]}}],"collection":[{"href":"https:\/\/moulinofruits.com\/index.php\/wp-json\/wp\/v2\/pages"}],"about":[{"href":"https:\/\/moulinofruits.com\/index.php\/wp-json\/wp\/v2\/types\/page"}],"author":[{"embeddable":true,"href":"https:\/\/moulinofruits.com\/index.php\/wp-json\/wp\/v2\/users\/1"}],"replies":[{"embeddable":true,"href":"https:\/\/moulinofruits.com\/index.php\/wp-json\/wp\/v2\/comments?post=530"}],"version-history":[{"count":70,"href":"https:\/\/moulinofruits.com\/index.php\/wp-json\/wp\/v2\/pages\/530\/revisions"}],"predecessor-version":[{"id":1820,"href":"https:\/\/moulinofruits.com\/index.php\/wp-json\/wp\/v2\/pages\/530\/revisions\/1820"}],"wp:attachment":[{"href":"https:\/\/moulinofruits.com\/index.php\/wp-json\/wp\/v2\/media?parent=530"}],"curies":[{"name":"wp","href":"https:\/\/api.w.org\/{rel}","templated":true}]}}